{"id":56,"date":"2021-02-03T22:27:31","date_gmt":"2021-02-03T21:27:31","guid":{"rendered":"http:\/\/przedszkole.heliantus.pl\/?page_id=56"},"modified":"2026-04-27T09:09:33","modified_gmt":"2026-04-27T07:09:33","slug":"godziny-otwarcia-i-cennik","status":"publish","type":"page","link":"https:\/\/heliantus.pl\/przedszkole\/godziny-otwarcia-i-cennik\/","title":{"rendered":"Godziny otwarcia i cennik"},"content":{"rendered":"\t\t<div data-elementor-type=\"wp-page\" data-elementor-id=\"56\" class=\"elementor elementor-56\">\n\t\t\t\t\t\t<section class=\"elementor-section elementor-top-section elementor-element elementor-element-797715ad elementor-section-boxed elementor-section-height-default elementor-section-height-default\" data-id=\"797715ad\" data-element_type=\"section\" data-e-type=\"section\">\n\t\t\t\t\t\t<div class=\"elementor-container elementor-column-gap-default\">\n\t\t\t\t\t<div class=\"elementor-column elementor-col-100 elementor-top-column elementor-element elementor-element-510c0951\" data-id=\"510c0951\" data-element_type=\"column\" data-e-type=\"column\">\n\t\t\t<div class=\"elementor-widget-wrap elementor-element-populated\">\n\t\t\t\t\t\t<div class=\"elementor-element elementor-element-5deb39ee elementor-widget elementor-widget-text-editor\" data-id=\"5deb39ee\" data-element_type=\"widget\" data-e-type=\"widget\" data-widget_type=\"text-editor.default\">\n\t\t\t\t<div class=\"elementor-widget-container\">\n\t\t\t\t\t\t\t\t\t<h2>\u00a0<img decoding=\"async\" class=\"emoji\" style=\"background-color: #ffffff;\" role=\"img\" draggable=\"false\" src=\"https:\/\/s.w.org\/images\/core\/emoji\/16.0.1\/svg\/1f33b.svg\" alt=\"\ud83c\udf3b\" \/>Godziny otwarcia i cennik<\/h2>\n<p><!-- \/wp:heading --><\/p>\n<p><!-- wp:paragraph --><\/p>\n<p><strong>Przedszkole oferuje profesjonaln\u0105 opiek\u0119 nad\u00a0dzie\u0107mi w\u00a0wieku 2,5 \u2013 6 lat.<\/strong><\/p>\n<p><b>Od 1 wrze\u015bnia 2025 roku czynne w godzinach 7.00 \u2013 18.00 od poniedzia\u0142ku do pi\u0105tku przez ca\u0142y rok kalendarzowy tak\u017ce w okresie wakacyjnym z wyj\u0105tkiem dni ustawowo wolnych od pracy i przerwy mi\u0119dzy \u015awi\u0119tami Bo\u017cego Narodzenia a Nowym Rokiem.<\/b><\/p>\n<p><strong>Czesne wynosi 1800 z\u0142 (wy\u017cywienie wliczone do czesnego w wysoko\u015bci 400 z\u0142)<\/strong><\/p>\n<p><b>Op\u0142aty za korzystanie z wychowania przedszkolnego w niepe\u0142nym wymiarze ustalane s\u0105 indywidualnie.<\/b><\/p>\n<h3><b>Op\u0142ata czesnego obejmuje:<\/b><\/h3>\n<ul>\n<li><b>pe\u0142ne wy\u017cywienie <\/b>(w\u0142asna kuchnia zapewniaj\u0105ca 4 posi\u0142ki, jad\u0142ospis przygotowywany w programie dietetycznym &#8211; <a class=\"DTlJ6d\" href=\"https:\/\/www.google.com\/search?safe=active&amp;cs=0&amp;sca_esv=8d2e7353062bdfd4&amp;q=Intendent+Pro&amp;sa=X&amp;ved=2ahUKEwiA5fTQ8v2OAxW8Q_EDHbvsLdUQxccNegQIAhAB&amp;mstk=AUtExfC9seSxtYL2GQeNeBiZvRR2f4bo-DHAt2OW_k-HnPkEQJSF68vma6B2n74o-zrkdMIMm6W2jFkUPlEzmTi_C1yZMuQKlADJzWKTLQzyBMxzB6yEy82j-EGhpL1bQZhI7PU&amp;csui=3\" target=\"_blank\" rel=\"noopener\" data-hveid=\"CAIQAQ\">Intendent Pro<\/a>\u00a0 zgodnie z normami \u017cywienia, uwzgl\u0119dniaj\u0105c alergeny i warto\u015bci od\u017cywcze, oddzielnie przygotowywane s\u0105 posi\u0142ki dla dzieci obj\u0119tych diet\u0105 eliminacyjn\u0105 m.in.: bezglutenow\u0105, bezlaktozow\u0105, bezmleczn\u0105,\u00a0 bezmi\u0119sn\u0105, inn\u0105 wybi\u00f3rcz\u0105 ustalan\u0105 zgodnie z kart\u0105 alergii)<\/li>\n<li><b>j\u0119zyk angielski &#8211; 5 razy w tygodniu dla dzieci w wieku 2,5- 6 lat\u00a0 <\/b>wg. autorskiego programu Przedszkola Heliantus\u00a0 opartego o metody aktywizuj\u0105ce\u00a0 ze stopniowaniem trudno\u015bci wok\u00f3\u0142 temat\u00f3w:\u00a0Get to know each other,\u00a0 The Dot Day, Seasons, Farm animals, Fruit and vegetables, Body,\u00a0 Clothes, My day,\u00a0 Travel and transport, Poland and countries of the world, City and village, Santa Claus is coming to town, Winter sports, Christmas traditions, Calendar, Characters and fairy tales, Musical instruments, Restaurant, My house, My preschool,\u00a0 Weather,\u00a0 Plants, Familiar animals, Space, Planet Earth, Ecology, Easter traditions, My family, Professions, My hobby, Summer sports, World animals, Camping)<\/li>\n<li><b>codzienne zaj\u0119cia z nauczycielami wychowania przedszkolnego w zakresie obszaru poznawczego, spo\u0142ecznego, emocjonalnego oraz fizycznego, oparte m.in. o pedagogik\u0119 zabawy, elementy glottodydaktyki, Metody Dobrego Startu, Metody Sze\u015bciu Klock\u00f3w (6-latki), Kreatywnej Matematyki, kodowania, zaj\u0119\u0107 plastyczno &#8211; technicznych i kulinarnych,<\/b><\/li>\n<li><b>gimnastyk\u0119 buzi i j\u0119zyka &#8211; zaj\u0119cia z profilaktyki logopedycznej,\u00a0<\/b><\/li>\n<li><b>logorytmik\u0119,<br \/><\/b><\/li>\n<li><b>zaj\u0119cia wg. autorskiego programu Przedszkola Heliantus &#8222;Ruch to zdrowie&#8221; (<\/b>codzienne zabawy i gry ruchowe<b>, \u0107wiczenia gimnastyczne z el. gimnastyki korekcyjnej\u00a0 z instruktorem gimnastyki korekcyjnej, fizjoterapeut\u0105, gry i zabawy sportowe na sali gimnastycznej Szko\u0142y Podstawowej Heliantus,<br \/><\/b><\/li>\n<li><b>zaj\u0119cia\u00a0 wg. autorskiego programu profilowego \u201eDzieci takie jak my\u201d opartego o edukacj\u0119 spo\u0142eczn\u0105 i kulturow\u0105,<\/b><\/li>\n<li><b>zaj\u0119cia wg autorskiego programu profilowego \u201ePrzyroda i ja&#8221; (m.in. zaj\u0119cia terenowe w ogrodzie przedszkolnym i lesie, badawcze, eksperymenty)\u00a0<\/b><\/li>\n<li><b>zaj\u0119cia wg. autorskiego programu kulturalno &#8211; artystycznego\u00a0 (wydarzenia: koncerty i przedstawienia teatralne wg. harmonogramu, oraz obchody i uroczysto\u015bci, wyj\u0105tkowe dni zgodnie z kalendarzem imprez, taniec HIP HOP\u00a0 rytmika, spotkanie z muzyk\u0105 klasyczn\u0105, ta\u0144ce narodowe i ludowe)<\/b><\/li>\n<li><b>bie\u017c\u0105ce wsparcie psychologa (obserwacje i konsultacje, bezpo\u015bredni kontakt osobisty i mailowy)<\/b><\/li>\n<li><b>bie\u017c\u0105ce wsparcie fizjoterapeuty (obserwacje i konsultacje, bezpo\u015bredni kontakt osobisty i\u00a0 mailowy)<\/b><\/li>\n<li><b>bie\u017c\u0105ce wsparcie logopedy (obserwacje i konsultacje, bezpo\u015bredni kontakt osobisty i mailowy)<\/b><\/li>\n<li><b>bie\u017c\u0105ce wsparcie wychowawcy (obserwacje i konsultacje, bezpo\u015bredni kontakt mailowy)<\/b><\/li>\n<li><b>obserwacje pedagogiczne wraz z om\u00f3wieniem z wychowawc\u0105 ( 3 razy w roku szkolnym) &#8211; dzieci 2,5 &#8211; 5 letnie, 2 razy dzieci &#8211; 6 letnie zako\u0144czone gotowo\u015bci\u0105 szkoln\u0105<br \/><\/b><\/li>\n<li><b>zaj\u0119cia bezp\u0142atne dla dzieci ucz\u0119szczaj\u0105cych do przedszkola posiadaj\u0105cych orzeczenia o potrzebie kszta\u0142cenia specjalnego (m.in.: terapia logopedyczna, terapia SI, terapia TUS, terapia psychologiczna, terapia pedagogiczna, terapia r\u0119ki. terapia narz\u0105d\u00f3w ruchu)<\/b><\/li>\n<li><b>nieodp\u0142atne zaj\u0119cia adaptacyjne<\/b><\/li>\n<li><b>organizacja urodzin z animacj\u0105 (gry i zabawy) i tortem z galaretki<br \/><\/b><b><\/b><b>ZAJ\u0118CIA FAKULTATYWNE:<\/b>\u00a0<br \/><b><u>Dodatkowo w godzinach popo\u0142udniowych dziecko<\/u><\/b><b><u> mo\u017ce uczestniczy\u0107 w zaj\u0119ciach rozwijaj\u0105cych uzdolnienia:<\/u><\/b><\/li>\n<\/ul>\n<ul>\n<li><b>taniec\u00a0<\/b><\/li>\n<li><b>judo<\/b><\/li>\n<li><b>pi\u0142ka no\u017cna<\/b><\/li>\n<li><strong>robotyka<\/strong><\/li>\n<li><b>&#8222;Ma\u0142y Artysta&#8221; &#8211; zaj\u0119cia kreatywne, artystyczne<\/b><\/li>\n<li><b>gra na pianinie<br \/><\/b><b><b><u>Dodatkowo po um\u00f3wieniu\u00a0 ze specjalist\u0105 dziecko mo\u017ce uzyska\u0107 wsparcie poprzez udzia\u0142 w zaj\u0119ciach:\u00a0<\/u><\/b><\/b><\/li>\n<\/ul>\n<ul>\n<li>\u00a0<b style=\"color: #7a7a7a; font-family: Roboto, sans-serif; font-size: 16px;\">terapii integracji sensorycznej<\/b><\/li>\n<li><b>terapii r\u0119ki<\/b><\/li>\n<li><b>treningu umiej\u0119tno\u015bci spo\u0142ecznych\u00a0<\/b><\/li>\n<li><b>gimnastyki korekcyjnej z el. fizjoterapii<\/b><\/li>\n<li><strong>zaj\u0119\u0107 j\u0119zykowyc<\/strong>h<br \/><b><b><strong><b><strong><b style=\"color: #033b62; font-family: Sniglet, cursive; font-size: 18px;\">W\u00a0przypadku ucz\u0119szczania do\u00a0przedszkola rodze\u0144stwa udzielane s\u0105\u00a0rabaty.<br \/><\/b><\/strong><\/b><\/strong><\/b><\/b><strong style=\"color: #033b62; font-family: Sniglet, cursive; font-size: 18px;\">Rabaty udzielane s\u0105 tak\u017ce dla posiadaczy Karty Du\u017cej Rodziny<\/strong><\/li>\n<\/ul>\n<p><!-- \/wp:paragraph --><\/p>\t\t\t\t\t\t\t\t<\/div>\n\t\t\t\t<\/div>\n\t\t\t\t\t<\/div>\n\t\t<\/div>\n\t\t\t\t\t<\/div>\n\t\t<\/section>\n\t\t\t\t<section class=\"elementor-section elementor-top-section elementor-element elementor-element-e4dddfb elementor-section-boxed elementor-section-height-default elementor-section-height-default\" data-id=\"e4dddfb\" data-element_type=\"section\" data-e-type=\"section\">\n\t\t\t\t\t\t<div class=\"elementor-container elementor-column-gap-default\">\n\t\t\t\t\t<div class=\"elementor-column elementor-col-100 elementor-top-column elementor-element elementor-element-79ff43e\" data-id=\"79ff43e\" data-element_type=\"column\" data-e-type=\"column\">\n\t\t\t<div class=\"elementor-widget-wrap elementor-element-populated\">\n\t\t\t\t\t\t<div class=\"elementor-element elementor-element-796c232 elementor-widget elementor-widget-text-editor\" data-id=\"796c232\" data-element_type=\"widget\" data-e-type=\"widget\" data-widget_type=\"text-editor.default\">\n\t\t\t\t<div class=\"elementor-widget-container\">\n\t\t\t\t\t\t\t\t\t<h5><b>NA WYCIECZKI BLI\u017bSZE JE\u017bDZIMY NASZYM BUSEM<\/b><\/h5>\t\t\t\t\t\t\t\t<\/div>\n\t\t\t\t<\/div>\n\t\t\t\t\t<\/div>\n\t\t<\/div>\n\t\t\t\t\t<\/div>\n\t\t<\/section>\n\t\t\t\t<section class=\"elementor-section elementor-top-section elementor-element elementor-element-e1b2ac2 elementor-section-boxed elementor-section-height-default elementor-section-height-default\" data-id=\"e1b2ac2\" data-element_type=\"section\" data-e-type=\"section\">\n\t\t\t\t\t\t<div class=\"elementor-container elementor-column-gap-default\">\n\t\t\t\t\t<div class=\"elementor-column elementor-col-16 elementor-top-column elementor-element elementor-element-a7b5dfc\" data-id=\"a7b5dfc\" data-element_type=\"column\" data-e-type=\"column\">\n\t\t\t<div class=\"elementor-widget-wrap elementor-element-populated\">\n\t\t\t\t\t\t<div class=\"elementor-element elementor-element-d6d0a58 elementor-widget elementor-widget-image\" data-id=\"d6d0a58\" data-element_type=\"widget\" data-e-type=\"widget\" data-widget_type=\"image.default\">\n\t\t\t\t<div class=\"elementor-widget-container\">\n\t\t\t\t\t\t\t\t\t\t\t\t\t\t\t<img fetchpriority=\"high\" decoding=\"async\" width=\"640\" height=\"850\" src=\"https:\/\/heliantus.pl\/przedszkole\/wp-content\/uploads\/2025\/08\/528463082_677603251965265_7760614795445600826_n-771x1024.jpg\" class=\"attachment-large size-large wp-image-733\" alt=\"\" srcset=\"https:\/\/heliantus.pl\/przedszkole\/wp-content\/uploads\/2025\/08\/528463082_677603251965265_7760614795445600826_n-771x1024.jpg 771w, https:\/\/heliantus.pl\/przedszkole\/wp-content\/uploads\/2025\/08\/528463082_677603251965265_7760614795445600826_n-226x300.jpg 226w, https:\/\/heliantus.pl\/przedszkole\/wp-content\/uploads\/2025\/08\/528463082_677603251965265_7760614795445600826_n-768x1020.jpg 768w, https:\/\/heliantus.pl\/przedszkole\/wp-content\/uploads\/2025\/08\/528463082_677603251965265_7760614795445600826_n.jpg 1084w\" sizes=\"(max-width: 640px) 100vw, 640px\" \/>\t\t\t\t\t\t\t\t\t\t\t\t\t\t\t<\/div>\n\t\t\t\t<\/div>\n\t\t\t\t<div class=\"elementor-element elementor-element-1f4b246 elementor-widget elementor-widget-image\" data-id=\"1f4b246\" data-element_type=\"widget\" data-e-type=\"widget\" data-widget_type=\"image.default\">\n\t\t\t\t<div class=\"elementor-widget-container\">\n\t\t\t\t\t\t\t\t\t\t\t\t\t\t\t<img decoding=\"async\" width=\"640\" height=\"853\" src=\"https:\/\/heliantus.pl\/przedszkole\/wp-content\/uploads\/2025\/08\/502526397_625462340512690_1139831673729820913_n-768x1024.jpg\" class=\"attachment-large size-large wp-image-734\" alt=\"\" srcset=\"https:\/\/heliantus.pl\/przedszkole\/wp-content\/uploads\/2025\/08\/502526397_625462340512690_1139831673729820913_n-768x1024.jpg 768w, https:\/\/heliantus.pl\/przedszkole\/wp-content\/uploads\/2025\/08\/502526397_625462340512690_1139831673729820913_n-225x300.jpg 225w, https:\/\/heliantus.pl\/przedszkole\/wp-content\/uploads\/2025\/08\/502526397_625462340512690_1139831673729820913_n.jpg 1080w\" sizes=\"(max-width: 640px) 100vw, 640px\" \/>\t\t\t\t\t\t\t\t\t\t\t\t\t\t\t<\/div>\n\t\t\t\t<\/div>\n\t\t\t\t<div class=\"elementor-element elementor-element-abdd030 elementor-widget elementor-widget-image\" data-id=\"abdd030\" data-element_type=\"widget\" data-e-type=\"widget\" data-widget_type=\"image.default\">\n\t\t\t\t<div class=\"elementor-widget-container\">\n\t\t\t\t\t\t\t\t\t\t\t\t\t\t\t<img decoding=\"async\" width=\"640\" height=\"853\" src=\"https:\/\/heliantus.pl\/przedszkole\/wp-content\/uploads\/2025\/08\/514397144_649351964790394_5941585683925888599_n-1-768x1024.jpg\" class=\"attachment-large size-large wp-image-735\" alt=\"\" srcset=\"https:\/\/heliantus.pl\/przedszkole\/wp-content\/uploads\/2025\/08\/514397144_649351964790394_5941585683925888599_n-1-768x1024.jpg 768w, https:\/\/heliantus.pl\/przedszkole\/wp-content\/uploads\/2025\/08\/514397144_649351964790394_5941585683925888599_n-1-225x300.jpg 225w, https:\/\/heliantus.pl\/przedszkole\/wp-content\/uploads\/2025\/08\/514397144_649351964790394_5941585683925888599_n-1.jpg 1080w\" sizes=\"(max-width: 640px) 100vw, 640px\" \/>\t\t\t\t\t\t\t\t\t\t\t\t\t\t\t<\/div>\n\t\t\t\t<\/div>\n\t\t\t\t<div class=\"elementor-element elementor-element-98d1bae elementor-widget elementor-widget-image\" data-id=\"98d1bae\" data-element_type=\"widget\" data-e-type=\"widget\" data-widget_type=\"image.default\">\n\t\t\t\t<div class=\"elementor-widget-container\">\n\t\t\t\t\t\t\t\t\t\t\t\t\t\t\t<img loading=\"lazy\" decoding=\"async\" width=\"640\" height=\"853\" src=\"https:\/\/heliantus.pl\/przedszkole\/wp-content\/uploads\/2025\/08\/526868941_672061095852814_5761058626036842751_n-768x1024.jpg\" class=\"attachment-large size-large wp-image-736\" alt=\"\" srcset=\"https:\/\/heliantus.pl\/przedszkole\/wp-content\/uploads\/2025\/08\/526868941_672061095852814_5761058626036842751_n-768x1024.jpg 768w, https:\/\/heliantus.pl\/przedszkole\/wp-content\/uploads\/2025\/08\/526868941_672061095852814_5761058626036842751_n-225x300.jpg 225w, https:\/\/heliantus.pl\/przedszkole\/wp-content\/uploads\/2025\/08\/526868941_672061095852814_5761058626036842751_n.jpg 1080w\" sizes=\"(max-width: 640px) 100vw, 640px\" \/>\t\t\t\t\t\t\t\t\t\t\t\t\t\t\t<\/div>\n\t\t\t\t<\/div>\n\t\t\t\t\t<\/div>\n\t\t<\/div>\n\t\t\t\t<div class=\"elementor-column elementor-col-66 elementor-top-column elementor-element elementor-element-c51a6fc\" data-id=\"c51a6fc\" data-element_type=\"column\" data-e-type=\"column\">\n\t\t\t<div class=\"elementor-widget-wrap elementor-element-populated\">\n\t\t\t\t\t\t<div class=\"elementor-element elementor-element-dd8e7e6 elementor-widget__width-initial elementor-widget elementor-widget-image\" data-id=\"dd8e7e6\" data-element_type=\"widget\" data-e-type=\"widget\" data-widget_type=\"image.default\">\n\t\t\t\t<div class=\"elementor-widget-container\">\n\t\t\t\t\t\t\t\t\t\t\t\t\t\t\t<img loading=\"lazy\" decoding=\"async\" width=\"640\" height=\"853\" src=\"https:\/\/heliantus.pl\/przedszkole\/wp-content\/uploads\/2025\/08\/unnamed-768x1024.jpg\" class=\"attachment-large size-large wp-image-730\" alt=\"\" srcset=\"https:\/\/heliantus.pl\/przedszkole\/wp-content\/uploads\/2025\/08\/unnamed-768x1024.jpg 768w, https:\/\/heliantus.pl\/przedszkole\/wp-content\/uploads\/2025\/08\/unnamed-225x300.jpg 225w, https:\/\/heliantus.pl\/przedszkole\/wp-content\/uploads\/2025\/08\/unnamed-1152x1536.jpg 1152w, https:\/\/heliantus.pl\/przedszkole\/wp-content\/uploads\/2025\/08\/unnamed-1536x2048.jpg 1536w, https:\/\/heliantus.pl\/przedszkole\/wp-content\/uploads\/2025\/08\/unnamed-scaled.jpg 1920w\" sizes=\"(max-width: 640px) 100vw, 640px\" \/>\t\t\t\t\t\t\t\t\t\t\t\t\t\t\t<\/div>\n\t\t\t\t<\/div>\n\t\t\t\t\t<\/div>\n\t\t<\/div>\n\t\t\t\t<div class=\"elementor-column elementor-col-16 elementor-top-column elementor-element elementor-element-9df4958\" data-id=\"9df4958\" data-element_type=\"column\" data-e-type=\"column\">\n\t\t\t<div class=\"elementor-widget-wrap elementor-element-populated\">\n\t\t\t\t\t\t<div class=\"elementor-element elementor-element-08c2d36 elementor-widget elementor-widget-image\" data-id=\"08c2d36\" data-element_type=\"widget\" data-e-type=\"widget\" data-widget_type=\"image.default\">\n\t\t\t\t<div class=\"elementor-widget-container\">\n\t\t\t\t\t\t\t\t\t\t\t\t\t\t\t<img loading=\"lazy\" decoding=\"async\" width=\"640\" height=\"850\" src=\"https:\/\/heliantus.pl\/przedszkole\/wp-content\/uploads\/2025\/08\/514364874_649352338123690_5591635328861513510_n-771x1024.jpg\" class=\"attachment-large size-large wp-image-732\" alt=\"\" srcset=\"https:\/\/heliantus.pl\/przedszkole\/wp-content\/uploads\/2025\/08\/514364874_649352338123690_5591635328861513510_n-771x1024.jpg 771w, https:\/\/heliantus.pl\/przedszkole\/wp-content\/uploads\/2025\/08\/514364874_649352338123690_5591635328861513510_n-226x300.jpg 226w, https:\/\/heliantus.pl\/przedszkole\/wp-content\/uploads\/2025\/08\/514364874_649352338123690_5591635328861513510_n-768x1020.jpg 768w, https:\/\/heliantus.pl\/przedszkole\/wp-content\/uploads\/2025\/08\/514364874_649352338123690_5591635328861513510_n.jpg 1084w\" sizes=\"(max-width: 640px) 100vw, 640px\" \/>\t\t\t\t\t\t\t\t\t\t\t\t\t\t\t<\/div>\n\t\t\t\t<\/div>\n\t\t\t\t<div class=\"elementor-element elementor-element-9155c76 elementor-widget elementor-widget-image\" data-id=\"9155c76\" data-element_type=\"widget\" data-e-type=\"widget\" data-widget_type=\"image.default\">\n\t\t\t\t<div class=\"elementor-widget-container\">\n\t\t\t\t\t\t\t\t\t\t\t\t\t\t\t<img loading=\"lazy\" decoding=\"async\" width=\"640\" height=\"939\" src=\"https:\/\/heliantus.pl\/przedszkole\/wp-content\/uploads\/2025\/08\/501040011_625259247199666_6103352236592853407_n-698x1024.jpg\" class=\"attachment-large size-large wp-image-737\" alt=\"\" srcset=\"https:\/\/heliantus.pl\/przedszkole\/wp-content\/uploads\/2025\/08\/501040011_625259247199666_6103352236592853407_n-698x1024.jpg 698w, https:\/\/heliantus.pl\/przedszkole\/wp-content\/uploads\/2025\/08\/501040011_625259247199666_6103352236592853407_n-205x300.jpg 205w, https:\/\/heliantus.pl\/przedszkole\/wp-content\/uploads\/2025\/08\/501040011_625259247199666_6103352236592853407_n-768x1126.jpg 768w, https:\/\/heliantus.pl\/przedszkole\/wp-content\/uploads\/2025\/08\/501040011_625259247199666_6103352236592853407_n.jpg 982w\" sizes=\"(max-width: 640px) 100vw, 640px\" \/>\t\t\t\t\t\t\t\t\t\t\t\t\t\t\t<\/div>\n\t\t\t\t<\/div>\n\t\t\t\t<div class=\"elementor-element elementor-element-2c8416c elementor-widget elementor-widget-image\" data-id=\"2c8416c\" data-element_type=\"widget\" data-e-type=\"widget\" data-widget_type=\"image.default\">\n\t\t\t\t<div class=\"elementor-widget-container\">\n\t\t\t\t\t\t\t\t\t\t\t\t\t\t\t<img loading=\"lazy\" decoding=\"async\" width=\"640\" height=\"664\" src=\"https:\/\/heliantus.pl\/przedszkole\/wp-content\/uploads\/2025\/08\/501071317_625259317199659_4669267763855115966_n-987x1024.jpg\" class=\"attachment-large size-large wp-image-738\" alt=\"\" srcset=\"https:\/\/heliantus.pl\/przedszkole\/wp-content\/uploads\/2025\/08\/501071317_625259317199659_4669267763855115966_n-987x1024.jpg 987w, https:\/\/heliantus.pl\/przedszkole\/wp-content\/uploads\/2025\/08\/501071317_625259317199659_4669267763855115966_n-289x300.jpg 289w, https:\/\/heliantus.pl\/przedszkole\/wp-content\/uploads\/2025\/08\/501071317_625259317199659_4669267763855115966_n-768x797.jpg 768w, https:\/\/heliantus.pl\/przedszkole\/wp-content\/uploads\/2025\/08\/501071317_625259317199659_4669267763855115966_n.jpg 1388w\" sizes=\"(max-width: 640px) 100vw, 640px\" \/>\t\t\t\t\t\t\t\t\t\t\t\t\t\t\t<\/div>\n\t\t\t\t<\/div>\n\t\t\t\t<div class=\"elementor-element elementor-element-416f0af elementor-widget elementor-widget-image\" data-id=\"416f0af\" data-element_type=\"widget\" data-e-type=\"widget\" data-widget_type=\"image.default\">\n\t\t\t\t<div class=\"elementor-widget-container\">\n\t\t\t\t\t\t\t\t\t\t\t\t\t\t\t<img loading=\"lazy\" decoding=\"async\" width=\"640\" height=\"853\" src=\"https:\/\/heliantus.pl\/przedszkole\/wp-content\/uploads\/2025\/08\/484553588_571388072586784_2767305119360245619_n-768x1024.jpg\" class=\"attachment-large size-large wp-image-740\" alt=\"\" srcset=\"https:\/\/heliantus.pl\/przedszkole\/wp-content\/uploads\/2025\/08\/484553588_571388072586784_2767305119360245619_n-768x1024.jpg 768w, https:\/\/heliantus.pl\/przedszkole\/wp-content\/uploads\/2025\/08\/484553588_571388072586784_2767305119360245619_n-225x300.jpg 225w, https:\/\/heliantus.pl\/przedszkole\/wp-content\/uploads\/2025\/08\/484553588_571388072586784_2767305119360245619_n-1152x1536.jpg 1152w, https:\/\/heliantus.pl\/przedszkole\/wp-content\/uploads\/2025\/08\/484553588_571388072586784_2767305119360245619_n.jpg 1536w\" sizes=\"(max-width: 640px) 100vw, 640px\" \/>\t\t\t\t\t\t\t\t\t\t\t\t\t\t\t<\/div>\n\t\t\t\t<\/div>\n\t\t\t\t\t<\/div>\n\t\t<\/div>\n\t\t\t\t\t<\/div>\n\t\t<\/section>\n\t\t\t\t<\/div>\n\t\t","protected":false},"excerpt":{"rendered":"<p>\u00a0Godziny otwarcia i cennik Przedszkole oferuje profesjonaln\u0105 opiek\u0119 nad\u00a0dzie\u0107mi w\u00a0wieku 2,5 \u2013 6 lat. Od 1 wrze\u015bnia 2025 roku czynne w godzinach 7.00 \u2013 18.00 [&hellip;]<\/p>\n","protected":false},"author":1,"featured_media":0,"parent":0,"menu_order":0,"comment_status":"closed","ping_status":"closed","template":"","meta":{"_eb_attr":"","_monsterinsights_skip_tracking":false,"_monsterinsights_sitenote_active":false,"_monsterinsights_sitenote_note":"","_monsterinsights_sitenote_category":0,"_uf_show_specific_survey":0,"_uf_disable_surveys":false,"footnotes":""},"class_list":["post-56","page","type-page","status-publish","hentry"],"aioseo_notices":[],"_links":{"self":[{"href":"https:\/\/heliantus.pl\/przedszkole\/wp-json\/wp\/v2\/pages\/56","targetHints":{"allow":["GET"]}}],"collection":[{"href":"https:\/\/heliantus.pl\/przedszkole\/wp-json\/wp\/v2\/pages"}],"about":[{"href":"https:\/\/heliantus.pl\/przedszkole\/wp-json\/wp\/v2\/types\/page"}],"author":[{"embeddable":true,"href":"https:\/\/heliantus.pl\/przedszkole\/wp-json\/wp\/v2\/users\/1"}],"replies":[{"embeddable":true,"href":"https:\/\/heliantus.pl\/przedszkole\/wp-json\/wp\/v2\/comments?post=56"}],"version-history":[{"count":101,"href":"https:\/\/heliantus.pl\/przedszkole\/wp-json\/wp\/v2\/pages\/56\/revisions"}],"predecessor-version":[{"id":1554,"href":"https:\/\/heliantus.pl\/przedszkole\/wp-json\/wp\/v2\/pages\/56\/revisions\/1554"}],"wp:attachment":[{"href":"https:\/\/heliantus.pl\/przedszkole\/wp-json\/wp\/v2\/media?parent=56"}],"curies":[{"name":"wp","href":"https:\/\/api.w.org\/{rel}","templated":true}]}}