{"id":44,"date":"2021-02-03T21:59:21","date_gmt":"2021-02-03T20:59:21","guid":{"rendered":"http:\/\/przedszkole.heliantus.pl\/?page_id=44"},"modified":"2026-02-10T20:41:59","modified_gmt":"2026-02-10T19:41:59","slug":"adaptacja","status":"publish","type":"page","link":"https:\/\/heliantus.pl\/przedszkole\/adaptacja\/","title":{"rendered":"Adaptacja"},"content":{"rendered":"\t\t<div data-elementor-type=\"wp-page\" data-elementor-id=\"44\" class=\"elementor elementor-44\">\n\t\t\t\t\t\t<section class=\"elementor-section elementor-top-section elementor-element elementor-element-3ee83438 elementor-section-boxed elementor-section-height-default elementor-section-height-default\" data-id=\"3ee83438\" data-element_type=\"section\" data-e-type=\"section\">\n\t\t\t\t\t\t<div class=\"elementor-container elementor-column-gap-default\">\n\t\t\t\t\t<div class=\"elementor-column elementor-col-100 elementor-top-column elementor-element elementor-element-7cae65a3\" data-id=\"7cae65a3\" data-element_type=\"column\" data-e-type=\"column\">\n\t\t\t<div class=\"elementor-widget-wrap elementor-element-populated\">\n\t\t\t\t\t\t<div class=\"elementor-element elementor-element-57362f17 elementor-widget elementor-widget-text-editor\" data-id=\"57362f17\" data-element_type=\"widget\" data-e-type=\"widget\" data-widget_type=\"text-editor.default\">\n\t\t\t\t<div class=\"elementor-widget-container\">\n\t\t\t\t\t\t\t\t\t<p><em><strong>\u201eDla dziecka ka\u017cdy dzie\u0144 to tajemnica <br \/>\u2014 pe\u0142na nowych d\u017awi\u0119k\u00f3w, obraz\u00f3w i emocji.<br \/>Cho\u0107 nie zawsze potrafi je nazwa\u0107, czuje je ca\u0142ym sob\u0105.<br \/>Gdy obok ma kochaj\u0105cego doros\u0142ego,<br \/>\u015bwiat przestaje by\u0107 chaosem \u2014<br \/>staje si\u0119 miejscem, kt\u00f3re mo\u017cna zrozumie\u0107,<br \/>pokocha\u0107 i w kt\u00f3rym mo\u017cna si\u0119 rozwija\u0107.\u201d<\/strong><\/em><\/p>\n<p><em>\/M. M. Bacha\u0144ska &#8211; mentor, trener, pedagog specjalny\/<\/em><\/p>\n<p>\u00a0<\/p>\n<p><strong>Rozpocz\u0119cie edukacji przedszkolnej to dla dziecka niezwykle istotny i prze\u0142omowy etap w jego rozwoju. Wi\u0105\u017ce si\u0119 on cz\u0119sto z zasadnicz\u0105 zmian\u0105 dotychczasowego stylu \u017cycia oraz nowymi wyzwaniami emocjonalnymi i spo\u0142ecznymi. Do przedszkola trafiaj\u0105 dzieci o r\u00f3\u017cnym poziomie gotowo\u015bci i zdolno\u015bci adaptacyjnych \u2013 dla wielu z nich jest to pierwsze d\u0142u\u017csze rozstanie z domem, rodzicami oraz pierwszy kontakt z r\u00f3wie\u015bnikami i nowym \u015brodowiskiem grupowym.<\/strong><\/p>\n<p>Proces adaptacji do przedszkola przebiega u dzieci bardzo indywidualnie \u2013 jedne przystosowuj\u0105 si\u0119 stosunkowo \u0142atwo, inne napotykaj\u0105 na powa\u017cniejsze trudno\u015bci. Na podstawie wieloletnich obserwacji zachowa\u0144 dzieci i ich opiekun\u00f3w w pocz\u0105tkowym okresie ucz\u0119szczania do przedszkola pojawi\u0142o si\u0119 pytanie: <strong>\u201eJak efektywnie wspiera\u0107 dziecko w procesie adaptacji do nowego \u015brodowiska przedszkolnego?\u201d<\/strong><\/p>\n<p><strong>W odpowiedzi na t\u0119 potrzeb\u0119 zosta\u0142 opracowany program adaptacyjny dla dzieci<\/strong>\u00a0 pod nazw\u0105 <strong>\u201eId\u0119 do przedszkola z MISIEM HELIANTUSIEM\u201d<\/strong>. G\u0142\u00f3wnym elementem programu jest wprowadzenie <strong>maskotki \u2013 misia<\/strong>, kt\u00f3ry towarzyszy dziecku podczas pobytu w przedszkolu. Mi\u015b pe\u0142ni funkcj\u0119 emocjonalnego wsparcia, pomagaj\u0105c dzieciom przezwyci\u0119\u017cy\u0107 l\u0119k zwi\u0105zany z roz\u0142\u0105k\u0105 z rodzicami oraz adaptowa\u0107 si\u0119 do nowego otoczenia. Dzi\u0119ki obecno\u015bci misia dziecko zyskuje poczucie bezpiecze\u0144stwa, \u0142atwiej radzi sobie z emocjami, a tak\u017ce uczy si\u0119 opieku\u0144czo\u015bci poprzez odgrywanie r\u00f3\u017cnych r\u00f3l, takich jak pocieszyciel, towarzysz czy opiekun.<\/p>\n<p>Ka\u017cde dziecko potrzebuje indywidualnego podej\u015bcia. S\u0105 w\u015br\u00f3d dzieci takie, kt\u00f3re szybko wkrocz\u0105 w \u015bwiat przedszkolny bez obaw, ale te\u017c takie, kt\u00f3re z du\u017c\u0105 doz\u0105 ostro\u017cno\u015bci wchodz\u0105 w \u015bwiat przedszkolny. Adaptacja ma na celu pom\u00f3c ka\u017cdemu z nich, ale w spos\u00f3b wywa\u017cony z pod\u0105\u017caniem za mo\u017cliwo\u015bciami i potrzebami dziecka w wieku 2,5 &#8211; 6 lat.\u00a0<\/p>\n<p><\/p>\n<p><\/p>\n<p><\/p>\n<p>Zaj\u0119cia adaptacyjne maj\u0105 na celu u\u0142atwienie dzieciom i rodzicom roz\u0142\u0105k\u0119, przyzwyczajenie do przestrzeni przedszkola, koleg\u00f3w i kole\u017canek, wychowawcy oraz do zasad i ram, kt\u00f3re organizuj\u0105 \u017cycie przedszkolne.<\/p>\n<p><\/p>\n<p><\/p>\n<p>W pierwszym tygodniu rodzice zaproszeni s\u0105 do wsp\u00f3lnej zabawy i pracy z dzie\u0107mi. W drugim tygodniu zach\u0119camy rodzic\u00f3w by, elastycznie reaguj\u0105c na zachowania dzieci, uczestniczyli w \u017cyciu przedszkola pasywnie, jako obserwatorzy. Je\u017celi dziecko dobrze si\u0119 bawi i wida\u0107, \u017ce czuje si\u0119 bezpiecznie rodzice mog\u0105 zostawi\u0107 dziecko z wychowawc\u0105 i wyj\u015b\u0107 poza sal\u0119. Na pocz\u0105tku ka\u017cdego dnia pojawi si\u0119 informacja, w jaki spos\u00f3b tego dnia rodzice mog\u0105 uczestniczy\u0107 w zaj\u0119ciach.\u00a0 Wychowawcy b\u0119d\u0105 na bie\u017c\u0105co wspiera\u0107 rodzic\u00f3w i dzieci.<\/p>\n<p><\/p>\n<p><\/p>\n<p><\/p>\n<p><\/p>\n<p>\u00a0Rodzice r\u00f3wnie\u017c s\u0105 zwykle pe\u0142ni obaw, czy ich dziecko poradzi sobie z emocjami. Ale budujemy relacje z rodzicami na zasadzie zdobycia zaufania co do profesjonalizmu naszej pracy. Do dyspozycji rodzic\u00f3w\u00a0 czekaj\u0105 specjali\u015bci. Dlatego przy obop\u00f3lnej otwartej wsp\u00f3\u0142pracy szybko zyskujemy harmoni\u0119 i spok\u00f3j.<\/p>\n<p>Je\u015bli rodzice zdecyduj\u0105 si\u0119 na wcze\u015bniejsz\u0105 adaptacj\u0119, mo\u017ce ona rozpocz\u0105\u0107 si\u0119 ju\u017c w terminie wyznaczonym przez przedszkole lub zosta\u0107 ustalona indywidualnie z ka\u017cd\u0105 rodzin\u0105. Dzi\u0119ki temu dzieci mog\u0105 rozpocz\u0105\u0107 pierwsze spotkania w spokojnym, dostosowanym do ich potrzeb rytmie.<\/p>\n<h4>Na bezp\u0142atn\u0105 adaptacj\u0119 umawiamy si\u0119 bezpo\u015brednio pod telefonem: 728 959 122<\/h4>\n<h4>W adaptacji bierze udzia\u0142 m.in.\u00a0 psycholog, logopeda, fizjoterapeuta, wychowawca<\/h4>\n<p>\u00a0<\/p>\n<p><\/p>\n<p><\/p>\n<p><\/p>\t\t\t\t\t\t\t\t<\/div>\n\t\t\t\t<\/div>\n\t\t\t\t\t<\/div>\n\t\t<\/div>\n\t\t\t\t\t<\/div>\n\t\t<\/section>\n\t\t\t\t<section class=\"elementor-section elementor-top-section elementor-element elementor-element-800d819 elementor-section-boxed elementor-section-height-default elementor-section-height-default\" data-id=\"800d819\" data-element_type=\"section\" data-e-type=\"section\">\n\t\t\t\t\t\t<div class=\"elementor-container elementor-column-gap-default\">\n\t\t\t\t\t<div class=\"elementor-column elementor-col-25 elementor-top-column elementor-element elementor-element-919fc41\" data-id=\"919fc41\" data-element_type=\"column\" data-e-type=\"column\">\n\t\t\t<div class=\"elementor-widget-wrap elementor-element-populated\">\n\t\t\t\t\t\t<div class=\"elementor-element elementor-element-8cd03f4 elementor-widget elementor-widget-image\" data-id=\"8cd03f4\" data-element_type=\"widget\" data-e-type=\"widget\" data-widget_type=\"image.default\">\n\t\t\t\t<div class=\"elementor-widget-container\">\n\t\t\t\t\t\t\t\t\t\t\t\t\t\t\t<img fetchpriority=\"high\" decoding=\"async\" width=\"640\" height=\"853\" src=\"https:\/\/heliantus.pl\/przedszkole\/wp-content\/uploads\/2025\/08\/503595711_627796663612591_1853043718467741677_n-1-768x1024.jpg\" class=\"attachment-large size-large wp-image-690\" alt=\"\" srcset=\"https:\/\/heliantus.pl\/przedszkole\/wp-content\/uploads\/2025\/08\/503595711_627796663612591_1853043718467741677_n-1-768x1024.jpg 768w, https:\/\/heliantus.pl\/przedszkole\/wp-content\/uploads\/2025\/08\/503595711_627796663612591_1853043718467741677_n-1-225x300.jpg 225w, https:\/\/heliantus.pl\/przedszkole\/wp-content\/uploads\/2025\/08\/503595711_627796663612591_1853043718467741677_n-1.jpg 1080w\" sizes=\"(max-width: 640px) 100vw, 640px\" \/>\t\t\t\t\t\t\t\t\t\t\t\t\t\t\t<\/div>\n\t\t\t\t<\/div>\n\t\t\t\t<div class=\"elementor-element elementor-element-ad70e76 elementor-widget elementor-widget-image\" data-id=\"ad70e76\" data-element_type=\"widget\" data-e-type=\"widget\" data-widget_type=\"image.default\">\n\t\t\t\t<div class=\"elementor-widget-container\">\n\t\t\t\t\t\t\t\t\t\t\t\t\t\t\t<img decoding=\"async\" width=\"640\" height=\"853\" src=\"https:\/\/heliantus.pl\/przedszkole\/wp-content\/uploads\/2025\/08\/517705881_657375680654689_6006472594766378146_n-1-768x1024.jpg\" class=\"attachment-large size-large wp-image-689\" alt=\"\" srcset=\"https:\/\/heliantus.pl\/przedszkole\/wp-content\/uploads\/2025\/08\/517705881_657375680654689_6006472594766378146_n-1-768x1024.jpg 768w, https:\/\/heliantus.pl\/przedszkole\/wp-content\/uploads\/2025\/08\/517705881_657375680654689_6006472594766378146_n-1-225x300.jpg 225w, https:\/\/heliantus.pl\/przedszkole\/wp-content\/uploads\/2025\/08\/517705881_657375680654689_6006472594766378146_n-1.jpg 1080w\" sizes=\"(max-width: 640px) 100vw, 640px\" \/>\t\t\t\t\t\t\t\t\t\t\t\t\t\t\t<\/div>\n\t\t\t\t<\/div>\n\t\t\t\t\t<\/div>\n\t\t<\/div>\n\t\t\t\t<div class=\"elementor-column elementor-col-50 elementor-top-column elementor-element elementor-element-6bb4bbf\" data-id=\"6bb4bbf\" data-element_type=\"column\" data-e-type=\"column\">\n\t\t\t<div class=\"elementor-widget-wrap elementor-element-populated\">\n\t\t\t\t\t\t<div class=\"elementor-element elementor-element-b876b12 elementor-widget elementor-widget-image\" data-id=\"b876b12\" data-element_type=\"widget\" data-e-type=\"widget\" data-widget_type=\"image.default\">\n\t\t\t\t<div class=\"elementor-widget-container\">\n\t\t\t\t\t\t\t\t\t\t\t\t\t\t\t<img decoding=\"async\" width=\"640\" height=\"960\" src=\"https:\/\/heliantus.pl\/przedszkole\/wp-content\/uploads\/2025\/08\/IMG_1322.png\" class=\"attachment-large size-large wp-image-680\" alt=\"\" \/>\t\t\t\t\t\t\t\t\t\t\t\t\t\t\t<\/div>\n\t\t\t\t<\/div>\n\t\t\t\t\t<\/div>\n\t\t<\/div>\n\t\t\t\t<div class=\"elementor-column elementor-col-25 elementor-top-column elementor-element elementor-element-da86d83\" data-id=\"da86d83\" data-element_type=\"column\" data-e-type=\"column\">\n\t\t\t<div class=\"elementor-widget-wrap elementor-element-populated\">\n\t\t\t\t\t\t<div class=\"elementor-element elementor-element-6505adb elementor-widget elementor-widget-image\" data-id=\"6505adb\" data-element_type=\"widget\" data-e-type=\"widget\" data-widget_type=\"image.default\">\n\t\t\t\t<div class=\"elementor-widget-container\">\n\t\t\t\t\t\t\t\t\t\t\t\t\t\t\t<img loading=\"lazy\" decoding=\"async\" width=\"640\" height=\"853\" src=\"https:\/\/heliantus.pl\/przedszkole\/wp-content\/uploads\/2025\/08\/504827070_631319803260277_5536113782204875726_n-768x1024.jpg\" class=\"attachment-large size-large wp-image-685\" alt=\"\" srcset=\"https:\/\/heliantus.pl\/przedszkole\/wp-content\/uploads\/2025\/08\/504827070_631319803260277_5536113782204875726_n-768x1024.jpg 768w, https:\/\/heliantus.pl\/przedszkole\/wp-content\/uploads\/2025\/08\/504827070_631319803260277_5536113782204875726_n-225x300.jpg 225w, https:\/\/heliantus.pl\/przedszkole\/wp-content\/uploads\/2025\/08\/504827070_631319803260277_5536113782204875726_n.jpg 1080w\" sizes=\"(max-width: 640px) 100vw, 640px\" \/>\t\t\t\t\t\t\t\t\t\t\t\t\t\t\t<\/div>\n\t\t\t\t<\/div>\n\t\t\t\t<div class=\"elementor-element elementor-element-bba6bfb elementor-widget elementor-widget-image\" data-id=\"bba6bfb\" data-element_type=\"widget\" data-e-type=\"widget\" data-widget_type=\"image.default\">\n\t\t\t\t<div class=\"elementor-widget-container\">\n\t\t\t\t\t\t\t\t\t\t\t\t\t\t\t<img loading=\"lazy\" decoding=\"async\" width=\"640\" height=\"480\" src=\"https:\/\/heliantus.pl\/przedszkole\/wp-content\/uploads\/2025\/08\/506687038_634276659631258_2809634287775618205_n-1-1024x768.jpg\" class=\"attachment-large size-large wp-image-691\" alt=\"\" srcset=\"https:\/\/heliantus.pl\/przedszkole\/wp-content\/uploads\/2025\/08\/506687038_634276659631258_2809634287775618205_n-1-1024x768.jpg 1024w, https:\/\/heliantus.pl\/przedszkole\/wp-content\/uploads\/2025\/08\/506687038_634276659631258_2809634287775618205_n-1-300x225.jpg 300w, https:\/\/heliantus.pl\/przedszkole\/wp-content\/uploads\/2025\/08\/506687038_634276659631258_2809634287775618205_n-1-768x576.jpg 768w, https:\/\/heliantus.pl\/przedszkole\/wp-content\/uploads\/2025\/08\/506687038_634276659631258_2809634287775618205_n-1.jpg 1440w\" sizes=\"(max-width: 640px) 100vw, 640px\" \/>\t\t\t\t\t\t\t\t\t\t\t\t\t\t\t<\/div>\n\t\t\t\t<\/div>\n\t\t\t\t<div class=\"elementor-element elementor-element-36788ed elementor-widget elementor-widget-image\" data-id=\"36788ed\" data-element_type=\"widget\" data-e-type=\"widget\" data-widget_type=\"image.default\">\n\t\t\t\t<div class=\"elementor-widget-container\">\n\t\t\t\t\t\t\t\t\t\t\t\t\t\t\t<img loading=\"lazy\" decoding=\"async\" width=\"640\" height=\"853\" src=\"https:\/\/heliantus.pl\/przedszkole\/wp-content\/uploads\/2025\/08\/518395983_657615610630696_6406626309239182595_n-1-768x1024.jpg\" class=\"attachment-large size-large wp-image-693\" alt=\"\" srcset=\"https:\/\/heliantus.pl\/przedszkole\/wp-content\/uploads\/2025\/08\/518395983_657615610630696_6406626309239182595_n-1-768x1024.jpg 768w, https:\/\/heliantus.pl\/przedszkole\/wp-content\/uploads\/2025\/08\/518395983_657615610630696_6406626309239182595_n-1-225x300.jpg 225w, https:\/\/heliantus.pl\/przedszkole\/wp-content\/uploads\/2025\/08\/518395983_657615610630696_6406626309239182595_n-1.jpg 1080w\" sizes=\"(max-width: 640px) 100vw, 640px\" \/>\t\t\t\t\t\t\t\t\t\t\t\t\t\t\t<\/div>\n\t\t\t\t<\/div>\n\t\t\t\t\t<\/div>\n\t\t<\/div>\n\t\t\t\t\t<\/div>\n\t\t<\/section>\n\t\t\t\t<section class=\"elementor-section elementor-top-section elementor-element elementor-element-bb48a84 elementor-section-boxed elementor-section-height-default elementor-section-height-default\" data-id=\"bb48a84\" data-element_type=\"section\" data-e-type=\"section\">\n\t\t\t\t\t\t<div class=\"elementor-container elementor-column-gap-default\">\n\t\t\t\t\t<div class=\"elementor-column elementor-col-100 elementor-top-column elementor-element elementor-element-a408d25\" data-id=\"a408d25\" data-element_type=\"column\" data-e-type=\"column\">\n\t\t\t<div class=\"elementor-widget-wrap\">\n\t\t\t\t\t\t\t<\/div>\n\t\t<\/div>\n\t\t\t\t\t<\/div>\n\t\t<\/section>\n\t\t\t\t<\/div>\n\t\t","protected":false},"excerpt":{"rendered":"<p>\u201eDla dziecka ka\u017cdy dzie\u0144 to tajemnica \u2014 pe\u0142na nowych d\u017awi\u0119k\u00f3w, obraz\u00f3w i emocji.Cho\u0107 nie zawsze potrafi je nazwa\u0107, czuje je ca\u0142ym sob\u0105.Gdy obok ma kochaj\u0105cego [&hellip;]<\/p>\n","protected":false},"author":1,"featured_media":134,"parent":0,"menu_order":0,"comment_status":"closed","ping_status":"closed","template":"","meta":{"_eb_attr":"","_monsterinsights_skip_tracking":false,"_monsterinsights_sitenote_active":false,"_monsterinsights_sitenote_note":"","_monsterinsights_sitenote_category":0,"_uf_show_specific_survey":0,"_uf_disable_surveys":false,"footnotes":""},"class_list":["post-44","page","type-page","status-publish","has-post-thumbnail","hentry"],"aioseo_notices":[],"_links":{"self":[{"href":"https:\/\/heliantus.pl\/przedszkole\/wp-json\/wp\/v2\/pages\/44","targetHints":{"allow":["GET"]}}],"collection":[{"href":"https:\/\/heliantus.pl\/przedszkole\/wp-json\/wp\/v2\/pages"}],"about":[{"href":"https:\/\/heliantus.pl\/przedszkole\/wp-json\/wp\/v2\/types\/page"}],"author":[{"embeddable":true,"href":"https:\/\/heliantus.pl\/przedszkole\/wp-json\/wp\/v2\/users\/1"}],"replies":[{"embeddable":true,"href":"https:\/\/heliantus.pl\/przedszkole\/wp-json\/wp\/v2\/comments?post=44"}],"version-history":[{"count":33,"href":"https:\/\/heliantus.pl\/przedszkole\/wp-json\/wp\/v2\/pages\/44\/revisions"}],"predecessor-version":[{"id":1278,"href":"https:\/\/heliantus.pl\/przedszkole\/wp-json\/wp\/v2\/pages\/44\/revisions\/1278"}],"wp:featuredmedia":[{"embeddable":true,"href":"https:\/\/heliantus.pl\/przedszkole\/wp-json\/wp\/v2\/media\/134"}],"wp:attachment":[{"href":"https:\/\/heliantus.pl\/przedszkole\/wp-json\/wp\/v2\/media?parent=44"}],"curies":[{"name":"wp","href":"https:\/\/api.w.org\/{rel}","templated":true}]}}