{"id":19,"date":"2021-01-25T23:57:15","date_gmt":"2021-01-25T22:57:15","guid":{"rendered":"http:\/\/przedszkole.heliantus.pl\/?page_id=19"},"modified":"2023-06-20T22:52:43","modified_gmt":"2023-06-20T20:52:43","slug":"program","status":"publish","type":"page","link":"https:\/\/heliantus.pl\/przedszkole\/program\/","title":{"rendered":"Program"},"content":{"rendered":"\t\t<div data-elementor-type=\"wp-page\" data-elementor-id=\"19\" class=\"elementor elementor-19\">\n\t\t\t\t\t\t<section class=\"elementor-section elementor-top-section elementor-element elementor-element-12a9741e elementor-section-boxed elementor-section-height-default elementor-section-height-default\" data-id=\"12a9741e\" data-element_type=\"section\" data-e-type=\"section\">\n\t\t\t\t\t\t<div class=\"elementor-container elementor-column-gap-default\">\n\t\t\t\t\t<div class=\"elementor-column elementor-col-100 elementor-top-column elementor-element elementor-element-71a1bad1\" data-id=\"71a1bad1\" data-element_type=\"column\" data-e-type=\"column\">\n\t\t\t<div class=\"elementor-widget-wrap elementor-element-populated\">\n\t\t\t\t\t\t<div class=\"elementor-element elementor-element-54c0c3a0 elementor-widget elementor-widget-text-editor\" data-id=\"54c0c3a0\" data-element_type=\"widget\" data-e-type=\"widget\" data-widget_type=\"text-editor.default\">\n\t\t\t\t<div class=\"elementor-widget-container\">\n\t\t\t\t\t\t\t\t\t<p><\/p>\n<p>Model dydaktyczno-wychowawczy Heliantusa skupia si\u0119 wok\u00f3\u0142 my\u015bli bardzo szybko zmieniaj\u0105cego si\u0119 wielokulturowego \u015bwiata, stawia na rozwijanie w dzieciach otwarto\u015bci, wsp\u00f3\u0142pracy i pracowito\u015bci. Tworzymy inspiruj\u0105ce, bezpieczne \u015brodowisko do wszechstronnego rozwoju dziecka, pracy tw\u00f3rczej oraz rozwijamy umiej\u0119tno\u015b\u0107 autoprezentacji i komunikacji w j\u0119zyku angielskim. Budujemy umiej\u0119tno\u015bci spo\u0142eczne, zwracamy uwag\u0119 na otwarto\u015b\u0107 na ludzi, podkre\u015blamy warto\u015b\u0107 jak\u0105 sam\u0105 w sobie jest drugi cz\u0142owiek.<\/p>\n<p><\/p>\n<p><\/p>\n<h5><strong>Znajomo\u015b\u0107 otaczaj\u0105cego nas \u015bwiata<\/strong><\/h5>\n<p><\/p>\n<p><\/p>\n<p class=\"has-background\" style=\"background-color:#fff4ec\">Model dydaktyczno-wychowawczy zbudowany jest wok\u00f3\u0142 my\u015bli bardzo szybko zmieniaj\u0105cego si\u0119, wielokulturowego \u015bwiata i stawia na kreowanie w dzieciach otwarto\u015bci, wsp\u00f3\u0142pracy, wzbudzanie ambicji i pracowito\u015bci. W programie przewidziana jest seria zaj\u0119\u0107 przybli\u017caj\u0105cych dzieciom r\u00f3\u017cnorodno\u015b\u0107 kultur \u015bwiata. Nowoczesne kana\u0142y komunikacji pozwalaj\u0105 dzieciom na zrozumienie jak bardzo ma\u0142y, a zarazem zr\u00f3\u017cnicowany jest dzi\u015b nasz \u015bwiat mi\u0119dzy innymi poprzez nawi\u0105zywanie kontaktu przez dzieci przez sie\u0107 z innymi dzie\u0107mi &#8211; za pomoc\u0105 kamery i mikrofonu wewn\u0105trz przedszkola i na \u015bwiecie.<\/p>\n<p><\/p>\n<p><\/p>\n<h5><strong>Rozw\u00f3j kreatywno\u015bci<\/strong><\/h5>\n<p><\/p>\n<p><\/p>\n<p class=\"has-background\" style=\"background-color:#fff4ec\">Rozwijanie u dzieci wyobra\u017ani i kreatywno\u015bci jest bardzo wa\u017cnym elementem programu Przedszkola. Dzieci uczestnicz\u0105 w r\u00f3\u017cnorodnych zaj\u0119ciach plastycznych, muzycznych, przygotowuj\u0105 pod okiem wychowawc\u00f3w przedstawienia. &nbsp;Wszystkie dzieci maj\u0105 dost\u0119p do pomocy dydaktycznych i zabawek edukacyjnych pobudzaj\u0105cych wyobra\u017ani\u0119. Niemniej wa\u017cniejsze jest to, \u017ce dzieci s\u0105 w stanie odkry\u0107 w zwyk\u0142ych przedmiotach u\u017cytku codziennego potencja\u0142 do zabawy. Zwyk\u0142e pude\u0142ko kartonowe mo\u017ce sta\u0107 si\u0119 jaskini\u0105 nied\u017awiedzia, zamkiem czy rakiet\u0105 kosmiczn\u0105.<\/p>\n<p><\/p>\n<p><\/p>\n<h5><strong>Rozw\u00f3j spo\u0142eczny<\/strong><\/h5>\n<p><\/p>\n<p><\/p>\n<p class=\"has-background\" style=\"background-color:#fff4ec\">Jedn\u0105 z najwa\u017cniejszych lekcji okresu przedszkolnego dla dziecka to nauka radzenia sobie w grupie &#8211; nawi\u0105zywanie przyja\u017ani, wsp\u00f3\u0142praca w zabawie &#8211; przewodzenie lub podporz\u0105dkowywanie si\u0119, konkurowanie, wyrabianie poczucia w\u0142asnej warto\u015bci. Dzieci rozwijaj\u0105 si\u0119 i odnajduj\u0105 swoje miejsce w grupie pod okiem do\u015bwiadczonego wychowawcy wspieranego przez psychologa przedszkolnego.<\/p>\n<p><\/p>\n<p><\/p>\n<h5><strong>Zabawa na dworze<\/strong><\/h5>\n<p><\/p>\n<p><\/p>\n<p class=\"has-background\" style=\"background-color:#fff4ec\">Dzieci sp\u0119dzaj\u0105 spor\u0105 cz\u0119\u015b\u0107 czasu w przedszkolnym ogrodzie uczestnicz\u0105c zar\u00f3wno w zorganizowanych zaj\u0119ciach i zabawach jak i w zabawach swobodnych w naturalnie tworz\u0105cych si\u0119 podgrupach. Zach\u0119camy dzieci do samodzielnych zabaw, odkrywania mo\u017cliwo\u015bci ogrodu na w\u0142asn\u0105 r\u0119k\u0119 zachowuj\u0105c przy tym czujn\u0105 uwag\u0119, by dzieci by\u0142y bezpieczne korzystaj\u0105c z zabawek ogrodowych. Bardzo istotne jest, by zachowa\u0107 odpowiednie proporcje pomi\u0119dzy zaj\u0119ciami intelektualnymi i ruchowymi. Dzieci potrzebuj\u0105 wy\u0142adowa\u0107 swoj\u0105 energi\u0119, by m\u00f3c odpoczywa\u0107, koncentrowa\u0107 si\u0119 czy uczy\u0107. Cieszymy si\u0119, \u017ce dysponujemy tak obszernym i ciekawie zagospodarowanym ogrodem.<\/p>\n<p><\/p>\t\t\t\t\t\t\t\t<\/div>\n\t\t\t\t<\/div>\n\t\t\t\t\t<\/div>\n\t\t<\/div>\n\t\t\t\t\t<\/div>\n\t\t<\/section>\n\t\t\t\t<\/div>\n\t\t","protected":false},"excerpt":{"rendered":"<p>Model dydaktyczno-wychowawczy Heliantusa skupia si\u0119 wok\u00f3\u0142 my\u015bli bardzo szybko zmieniaj\u0105cego si\u0119 wielokulturowego \u015bwiata, stawia na rozwijanie w dzieciach otwarto\u015bci, wsp\u00f3\u0142pracy i pracowito\u015bci. Tworzymy inspiruj\u0105ce, bezpieczne [&hellip;]<\/p>\n","protected":false},"author":1,"featured_media":18,"parent":0,"menu_order":0,"comment_status":"closed","ping_status":"closed","template":"","meta":{"_eb_attr":"","_monsterinsights_skip_tracking":false,"_monsterinsights_sitenote_active":false,"_monsterinsights_sitenote_note":"","_monsterinsights_sitenote_category":0,"_uf_show_specific_survey":0,"_uf_disable_surveys":false,"footnotes":""},"class_list":["post-19","page","type-page","status-publish","has-post-thumbnail","hentry"],"aioseo_notices":[],"_links":{"self":[{"href":"https:\/\/heliantus.pl\/przedszkole\/wp-json\/wp\/v2\/pages\/19","targetHints":{"allow":["GET"]}}],"collection":[{"href":"https:\/\/heliantus.pl\/przedszkole\/wp-json\/wp\/v2\/pages"}],"about":[{"href":"https:\/\/heliantus.pl\/przedszkole\/wp-json\/wp\/v2\/types\/page"}],"author":[{"embeddable":true,"href":"https:\/\/heliantus.pl\/przedszkole\/wp-json\/wp\/v2\/users\/1"}],"replies":[{"embeddable":true,"href":"https:\/\/heliantus.pl\/przedszkole\/wp-json\/wp\/v2\/comments?post=19"}],"version-history":[{"count":4,"href":"https:\/\/heliantus.pl\/przedszkole\/wp-json\/wp\/v2\/pages\/19\/revisions"}],"predecessor-version":[{"id":375,"href":"https:\/\/heliantus.pl\/przedszkole\/wp-json\/wp\/v2\/pages\/19\/revisions\/375"}],"wp:featuredmedia":[{"embeddable":true,"href":"https:\/\/heliantus.pl\/przedszkole\/wp-json\/wp\/v2\/media\/18"}],"wp:attachment":[{"href":"https:\/\/heliantus.pl\/przedszkole\/wp-json\/wp\/v2\/media?parent=19"}],"curies":[{"name":"wp","href":"https:\/\/api.w.org\/{rel}","templated":true}]}}

<div data-elementor-type="wp-page" data-elementor-id="19" class="elementor elementor-19">
						<section class="elementor-section elementor-top-section elementor-element elementor-element-12a9741e elementor-section-boxed elementor-section-height-default elementor-section-height-default" data-id="12a9741e" data-element_type="section" data-e-type="section">
						<div class="elementor-container elementor-column-gap-default">
					<div class="elementor-column elementor-col-100 elementor-top-column elementor-element elementor-element-71a1bad1" data-id="71a1bad1" data-element_type="column" data-e-type="column">
			<div class="elementor-widget-wrap elementor-element-populated">
						<div class="elementor-element elementor-element-54c0c3a0 elementor-widget elementor-widget-text-editor" data-id="54c0c3a0" data-element_type="widget" data-e-type="widget" data-widget_type="text-editor.default">
				<div class="elementor-widget-container">
									<p></p>
<p>Model dydaktyczno-wychowawczy Heliantusa skupia się wokół myśli bardzo szybko zmieniającego się wielokulturowego świata, stawia na rozwijanie w dzieciach otwartości, współpracy i pracowitości. Tworzymy inspirujące, bezpieczne środowisko do wszechstronnego rozwoju dziecka, pracy twórczej oraz rozwijamy umiejętność autoprezentacji i komunikacji w języku angielskim. Budujemy umiejętności społeczne, zwracamy uwagę na otwartość na ludzi, podkreślamy wartość jaką samą w sobie jest drugi człowiek.</p>
<p></p>
<p></p>
<h5><strong>Znajomość otaczającego nas świata</strong></h5>
<p></p>
<p></p>
<p class="has-background" style="background-color:#fff4ec">Model dydaktyczno-wychowawczy zbudowany jest wokół myśli bardzo szybko zmieniającego się, wielokulturowego świata i stawia na kreowanie w dzieciach otwartości, współpracy, wzbudzanie ambicji i pracowitości. W programie przewidziana jest seria zajęć przybliżających dzieciom różnorodność kultur świata. Nowoczesne kanały komunikacji pozwalają dzieciom na zrozumienie jak bardzo mały, a zarazem zróżnicowany jest dziś nasz świat między innymi poprzez nawiązywanie kontaktu przez dzieci przez sieć z innymi dziećmi &#8211; za pomocą kamery i mikrofonu wewnątrz przedszkola i na świecie.</p>
<p></p>
<p></p>
<h5><strong>Rozwój kreatywności</strong></h5>
<p></p>
<p></p>
<p class="has-background" style="background-color:#fff4ec">Rozwijanie u dzieci wyobraźni i kreatywności jest bardzo ważnym elementem programu Przedszkola. Dzieci uczestniczą w różnorodnych zajęciach plastycznych, muzycznych, przygotowują pod okiem wychowawców przedstawienia. &nbsp;Wszystkie dzieci mają dostęp do pomocy dydaktycznych i zabawek edukacyjnych pobudzających wyobraźnię. Niemniej ważniejsze jest to, że dzieci są w stanie odkryć w zwykłych przedmiotach użytku codziennego potencjał do zabawy. Zwykłe pudełko kartonowe może stać się jaskinią niedźwiedzia, zamkiem czy rakietą kosmiczną.</p>
<p></p>
<p></p>
<h5><strong>Rozwój społeczny</strong></h5>
<p></p>
<p></p>
<p class="has-background" style="background-color:#fff4ec">Jedną z najważniejszych lekcji okresu przedszkolnego dla dziecka to nauka radzenia sobie w grupie &#8211; nawiązywanie przyjaźni, współpraca w zabawie &#8211; przewodzenie lub podporządkowywanie się, konkurowanie, wyrabianie poczucia własnej wartości. Dzieci rozwijają się i odnajdują swoje miejsce w grupie pod okiem doświadczonego wychowawcy wspieranego przez psychologa przedszkolnego.</p>
<p></p>
<p></p>
<h5><strong>Zabawa na dworze</strong></h5>
<p></p>
<p></p>
<p class="has-background" style="background-color:#fff4ec">Dzieci spędzają sporą część czasu w przedszkolnym ogrodzie uczestnicząc zarówno w zorganizowanych zajęciach i zabawach jak i w zabawach swobodnych w naturalnie tworzących się podgrupach. Zachęcamy dzieci do samodzielnych zabaw, odkrywania możliwości ogrodu na własną rękę zachowując przy tym czujną uwagę, by dzieci były bezpieczne korzystając z zabawek ogrodowych. Bardzo istotne jest, by zachować odpowiednie proporcje pomiędzy zajęciami intelektualnymi i ruchowymi. Dzieci potrzebują wyładować swoją energię, by móc odpoczywać, koncentrować się czy uczyć. Cieszymy się, że dysponujemy tak obszernym i ciekawie zagospodarowanym ogrodem.</p>
<p></p>								</div>
				</div>
					</div>
		</div>
					</div>
		</section>
				</div>

<p>Model dydaktyczno-wychowawczy Heliantusa skupia się wokół myśli bardzo szybko zmieniającego się wielokulturowego świata, stawia na rozwijanie w dzieciach otwartości, współpracy i pracowitości. Tworzymy inspirujące, bezpieczne [&hellip;]</p>
